{"id":192,"date":"2024-09-26T00:52:17","date_gmt":"2024-09-26T00:52:17","guid":{"rendered":"https:\/\/itvc.umsa.edu.bo\/?page_id=192"},"modified":"2024-09-26T21:35:33","modified_gmt":"2024-09-26T21:35:33","slug":"resena-historica","status":"publish","type":"page","link":"https:\/\/itvc.umsa.edu.bo\/index.php\/resena-historica\/","title":{"rendered":"Rese\u00f1a Historica"},"content":{"rendered":"\t\t<div data-elementor-type=\"wp-page\" data-elementor-id=\"192\" class=\"elementor elementor-192\" data-elementor-post-type=\"page\">\n\t\t\t\t<div class=\"elementor-element elementor-element-a974759 e-flex e-con-boxed e-con e-parent\" data-id=\"a974759\" data-element_type=\"container\">\n\t\t\t\t\t<div class=\"e-con-inner\">\n\t\t\t\t<div class=\"elementor-element elementor-element-bc18bd9 elementor-widget elementor-widget-heading\" data-id=\"bc18bd9\" data-element_type=\"widget\" data-widget_type=\"heading.default\">\n\t\t\t\t<div class=\"elementor-widget-container\">\n\t\t\t\t\t<h2 class=\"elementor-heading-title elementor-size-default\">Rese\u00f1a Historica<\/h2>\t\t\t\t<\/div>\n\t\t\t\t<\/div>\n\t\t\t\t\t<\/div>\n\t\t\t\t<\/div>\n\t\t<div class=\"elementor-element elementor-element-4ab06fb e-grid e-con-boxed e-con e-parent\" data-id=\"4ab06fb\" data-element_type=\"container\">\n\t\t\t\t\t<div class=\"e-con-inner\">\n\t\t\t\t<div class=\"elementor-element elementor-element-4a5e325 elementor-widget elementor-widget-text-editor\" data-id=\"4a5e325\" data-element_type=\"widget\" data-widget_type=\"text-editor.default\">\n\t\t\t\t<div class=\"elementor-widget-container\">\n\t\t\t\t\t\t\t\t\t<p>EI Instituto del Transporte y V\u00edas de Comunicaci\u00f3n fue fundado eI 18 de octubre de 1 984 mediante Resoluci\u00f3n HClJ 196\/84; es una unidad de investigaci\u00f3n de la Carrera de Ingenier\u00eda Civil de la Facultad de Ingenier\u00eda de la UMSA, que realiza investigaci\u00f3n b\u00e1sica y aplicada dentro del campo de la Ingenier\u00eda de Transportes y V\u00edas de Comunicaci\u00f3n.<br \/>La fundaci\u00f3n del ITVC, se debe principalmente al impulso de los Ings. Jorge J\u00e1uregui Canevaro y Johnny Sanjin\u00e9s A, su primer Director fue el Ing. Jorge J\u00e1uregui Canevaro, su plantel de investigadores estuvo conformado por los<br \/>ingenieros:<\/p>\t\t\t\t\t\t\t\t<\/div>\n\t\t\t\t<\/div>\n\t\t\t\t<div class=\"elementor-element elementor-element-80d34d0 elementor-widget elementor-widget-image\" data-id=\"80d34d0\" data-element_type=\"widget\" data-widget_type=\"image.default\">\n\t\t\t\t<div class=\"elementor-widget-container\">\n\t\t\t\t\t\t\t\t\t\t\t\t\t\t\t<img fetchpriority=\"high\" decoding=\"async\" width=\"1024\" height=\"293\" src=\"https:\/\/itvc.umsa.edu.bo\/wp-content\/uploads\/2024\/09\/cropped-fondo-1-1024x293.webp\" class=\"attachment-large size-large wp-image-195\" alt=\"\" srcset=\"https:\/\/itvc.umsa.edu.bo\/wp-content\/uploads\/2024\/09\/cropped-fondo-1-1024x293.webp 1024w, https:\/\/itvc.umsa.edu.bo\/wp-content\/uploads\/2024\/09\/cropped-fondo-1-300x86.webp 300w, https:\/\/itvc.umsa.edu.bo\/wp-content\/uploads\/2024\/09\/cropped-fondo-1-768x220.webp 768w, https:\/\/itvc.umsa.edu.bo\/wp-content\/uploads\/2024\/09\/cropped-fondo-1.webp 1499w\" sizes=\"(max-width: 1024px) 100vw, 1024px\" \/>\t\t\t\t\t\t\t\t\t\t\t\t\t\t\t<\/div>\n\t\t\t\t<\/div>\n\t\t\t\t\t<\/div>\n\t\t\t\t<\/div>\n\t\t<div class=\"elementor-element elementor-element-f0885b7 e-flex e-con-boxed e-con e-parent\" data-id=\"f0885b7\" data-element_type=\"container\">\n\t\t\t\t\t<div class=\"e-con-inner\">\n\t\t\t\t<div class=\"elementor-element elementor-element-43d9b4f elementor-widget elementor-widget-text-editor\" data-id=\"43d9b4f\" data-element_type=\"widget\" data-widget_type=\"text-editor.default\">\n\t\t\t\t<div class=\"elementor-widget-container\">\n\t\t\t\t\t\t\t\t\t<p>\u2022 Gonzalo Barrientos<br>\u2022 Johnny Sanjin\u00e9s Arn\u00e9z.<br>\u2022 Lu\u00eds Andrade Ruiz<br>\u2022 Oscar Espinosa Garc\u00eda<br>\u2022 Primitivo Condarco Aguilar<br>\u2022 Waldo Rocabado Reyes<\/p>\n<p>EI ITVC inici\u00f3 sus actividades con un trabajo para el entonces Ministerio de Transportes, que incluy\u00f3 la evaluaci\u00f3n de un programa de mantenimiento que se ejecut\u00f3 en los departamentos de La Paz, Cochabamba y Santa Cruz, la instalaci\u00f3n de la versi\u00f3n 2 del Modelo de Est\u00e1ndares de Dise\u00f1o y Mantenimiento de Carreteras (HDM) y la elaboraci\u00f3n de programas de mantenimiento para las carreteras del pa\u00eds. Este proyecto fue financiado por el Banco Mundial.<br>EI Instituto, en sus inicios cont\u00f3 con la asistencia t\u00e9cnica del Reino de Gran Breta\u00f1a, aportando con un profesor brit\u00e1nico en calidad de residente, cuya estad\u00eda se prolong\u00f3 por dos a\u00f1os. Durante este per\u00edodo se realizaron investigaciones conjuntas con el Transport and Road Research Laboratory (TRRL), entidad de la cual tambi\u00e9n se recibieron visitas de expertos en el \u00e1rea. EI Consejo Brit\u00e1nico auspici\u00f3 convenios de intercambio acad\u00e9mico con las Universidades de Londres y la Pontificia Universidad Cat\u00f3lica de Lima, que favorecieron al ITVC.<b><\/b><\/p>\n<p>EI Instituto, en sus inicios cont\u00f3 con la asistencia t\u00e9cnica del Reino de Gran Breta\u00f1a, aportando con un profesor&nbsp;<span style=\"font-style: inherit; font-weight: inherit; font-family: var( --e-global-typography-text-font-family ), Sans-serif; text-align: var(--text-align); background-color: var(--ast-global-color-5);\">brit\u00e1nico en calidad de residente, cuya estad\u00eda se prolong\u00f3 por dos a\u00f1os. Durante este per\u00edodo se realizaron&nbsp;<\/span><span style=\"font-style: inherit; font-weight: inherit; font-family: var( --e-global-typography-text-font-family ), Sans-serif; text-align: var(--text-align); background-color: var(--ast-global-color-5);\">investigaciones conjuntas con el Transport and Road Research Laboratory (TRRL), entidad de la cual tambi\u00e9n se&nbsp;<\/span><span style=\"font-style: inherit; font-weight: inherit; font-family: var( --e-global-typography-text-font-family ), Sans-serif; text-align: var(--text-align); background-color: var(--ast-global-color-5);\">recibieron visitas de expertos en el \u00e1rea. EI Consejo Brit\u00e1nico auspici\u00f3 convenios de intercambio acad\u00e9mico con&nbsp;<\/span><span style=\"font-style: inherit; font-weight: inherit; font-family: var( --e-global-typography-text-font-family ), Sans-serif; text-align: var(--text-align); background-color: var(--ast-global-color-5);\">las Universidades de Londres y la Pontificia Universidad Cat\u00f3lica de Lima, que favorecieron al ITVC.&nbsp;<\/span><\/p>\n<p><span style=\"font-style: inherit; font-weight: inherit; font-family: var( --e-global-typography-text-font-family ), Sans-serif; text-align: var(--text-align); background-color: var(--ast-global-color-5);\">Entre otros trabajos realizados por el ITVC est\u00e1 el Estudio de Reordenamiento del Transporte Urbano e&nbsp;<\/span><span style=\"font-style: inherit; font-weight: inherit; font-family: var( --e-global-typography-text-font-family ), Sans-serif; text-align: var(--text-align); background-color: var(--ast-global-color-5);\">Infraestructura Vial de la ciudad de EI Alto, patrocinado por la agencia HABITAT de la Organizaci\u00f3n de Naciones&nbsp;<\/span><span style=\"font-style: inherit; font-weight: inherit; font-family: var( --e-global-typography-text-font-family ), Sans-serif; text-align: var(--text-align); background-color: var(--ast-global-color-5);\">Unidas.&nbsp;<\/span><\/p>\n<p><span style=\"font-style: inherit; font-weight: inherit; font-family: var( --e-global-typography-text-font-family ), Sans-serif; text-align: var(--text-align); background-color: var(--ast-global-color-5);\">EI ITVC publica anualmente (desde 1999) las Memorias del ITVC, que contiene la producci\u00f3n intelectual y de&nbsp;<\/span><span style=\"font-style: inherit; font-weight: inherit; font-family: var( --e-global-typography-text-font-family ), Sans-serif; text-align: var(--text-align); background-color: var(--ast-global-color-5);\">investigaci\u00f3n m\u00e1s importante de los docentes investigadores del Instituto del Transporte y V\u00edas de Comunicaci\u00f3n.<\/span><\/p>\n<p>EI ITVC es un centro certificado del Instituto Panamericano de Carreteras (IPC). Presta servicios y asesoramiento a&nbsp;<span style=\"font-style: inherit; font-weight: inherit; font-family: var( --e-global-typography-text-font-family ), Sans-serif; text-align: var(--text-align); background-color: var(--ast-global-color-5);\">entidades p\u00fablicas y privadas, en \u00e1reas especializadas de transportes desde simples an\u00e1lisis hasta estudios&nbsp;<\/span><span style=\"font-style: inherit; font-weight: inherit; font-family: var( --e-global-typography-text-font-family ), Sans-serif; text-align: var(--text-align); background-color: var(--ast-global-color-5);\">completos de transporte y tr\u00e1fico.<\/span><\/p>\t\t\t\t\t\t\t\t<\/div>\n\t\t\t\t<\/div>\n\t\t\t\t\t<\/div>\n\t\t\t\t<\/div>\n\t\t\t\t<\/div>\n\t\t","protected":false},"excerpt":{"rendered":"<p>Rese\u00f1a Historica EI Instituto del Transporte y V\u00edas de Comunicaci\u00f3n fue fundado eI 18 de octubre de 1 984 mediante [&hellip;]<\/p>\n","protected":false},"author":2,"featured_media":0,"parent":0,"menu_order":0,"comment_status":"closed","ping_status":"closed","template":"","meta":{"site-sidebar-layout":"no-sidebar","site-content-layout":"","ast-site-content-layout":"full-width-container","site-content-style":"default","site-sidebar-style":"default","ast-global-header-display":"","ast-banner-title-visibility":"","ast-main-header-display":"","ast-hfb-above-header-display":"","ast-hfb-below-header-display":"","ast-hfb-mobile-header-display":"","site-post-title":"disabled","ast-breadcrumbs-content":"","ast-featured-img":"disabled","footer-sml-layout":"","theme-transparent-header-meta":"","adv-header-id-meta":"","stick-header-meta":"","header-above-stick-meta":"","header-main-stick-meta":"","header-below-stick-meta":"","astra-migrate-meta-layouts":"default","ast-page-background-enabled":"default","ast-page-background-meta":{"desktop":{"background-color":"var(--ast-global-color-4)","background-image":"","background-repeat":"repeat","background-position":"center center","background-size":"auto","background-attachment":"scroll","background-type":"","background-media":"","overlay-type":"","overlay-color":"","overlay-opacity":"","overlay-gradient":""},"tablet":{"background-color":"","background-image":"","background-repeat":"repeat","background-position":"center center","background-size":"auto","background-attachment":"scroll","background-type":"","background-media":"","overlay-type":"","overlay-color":"","overlay-opacity":"","overlay-gradient":""},"mobile":{"background-color":"","background-image":"","background-repeat":"repeat","background-position":"center center","background-size":"auto","background-attachment":"scroll","background-type":"","background-media":"","overlay-type":"","overlay-color":"","overlay-opacity":"","overlay-gradient":""}},"ast-content-background-meta":{"desktop":{"background-color":"var(--ast-global-color-5)","background-image":"","background-repeat":"repeat","background-position":"center center","background-size":"auto","background-attachment":"scroll","background-type":"","background-media":"","overlay-type":"","overlay-color":"","overlay-opacity":"","overlay-gradient":""},"tablet":{"background-color":"var(--ast-global-color-5)","background-image":"","background-repeat":"repeat","background-position":"center center","background-size":"auto","background-attachment":"scroll","background-type":"","background-media":"","overlay-type":"","overlay-color":"","overlay-opacity":"","overlay-gradient":""},"mobile":{"background-color":"var(--ast-global-color-5)","background-image":"","background-repeat":"repeat","background-position":"center center","background-size":"auto","background-attachment":"scroll","background-type":"","background-media":"","overlay-type":"","overlay-color":"","overlay-opacity":"","overlay-gradient":""}},"footnotes":""},"class_list":["post-192","page","type-page","status-publish","hentry"],"_links":{"self":[{"href":"https:\/\/itvc.umsa.edu.bo\/index.php\/wp-json\/wp\/v2\/pages\/192","targetHints":{"allow":["GET"]}}],"collection":[{"href":"https:\/\/itvc.umsa.edu.bo\/index.php\/wp-json\/wp\/v2\/pages"}],"about":[{"href":"https:\/\/itvc.umsa.edu.bo\/index.php\/wp-json\/wp\/v2\/types\/page"}],"author":[{"embeddable":true,"href":"https:\/\/itvc.umsa.edu.bo\/index.php\/wp-json\/wp\/v2\/users\/2"}],"replies":[{"embeddable":true,"href":"https:\/\/itvc.umsa.edu.bo\/index.php\/wp-json\/wp\/v2\/comments?post=192"}],"version-history":[{"count":10,"href":"https:\/\/itvc.umsa.edu.bo\/index.php\/wp-json\/wp\/v2\/pages\/192\/revisions"}],"predecessor-version":[{"id":304,"href":"https:\/\/itvc.umsa.edu.bo\/index.php\/wp-json\/wp\/v2\/pages\/192\/revisions\/304"}],"wp:attachment":[{"href":"https:\/\/itvc.umsa.edu.bo\/index.php\/wp-json\/wp\/v2\/media?parent=192"}],"curies":[{"name":"wp","href":"https:\/\/api.w.org\/{rel}","templated":true}]}}